lue of 248 + -254 + (5 - -1)?
0
What is -7 - (6 + (3 + -1 - -3))?
-18
What is 0 + 3 + -5 + (2 - (7 + -4))?
-3
Evaluate 3 + (0 - -5) + 0 + -8 + -9.
-9
Evaluate 13 + -32 - (19 - 28).
-10
What is the value of -14 - -20 - 14 - (-7 - 8)?
7
What is (-13 - -9) + (-3 - 5) - -9?
-3
Calculate 41 + -55 + (11 - (-7 - -6)).
-2
10 + -5 + (-7 - 10)
-12
6 + 18 - (9 + -14 - (4 + -14))
19
Calculate (0 - -7 - (26 + -23)) + -9 + 4.
-1
-54 + -36 + 70 + 49
29
Calculate 14 + 12 + -16 + 2 + -4.
8
What is the value of 20 - (40 - (-37 - -49))?
-8
Calculate -53 + 57 + (-3 - 1) + -1.
-1
What is the value of (14 - 18 - -10) + 1 + -5 + 19?
21
(3 + -1 + -5 - (-3 - -8)) + -5
-13
What is -5 + -14 + 9 + 7?
-3
What is the value of -17 - (-15 + (-10 - -1))?
7
Calculate 8 + -4 - 17 - -15 - -12.
14
Evaluate 4 - 9 - ((8 - 5) + (-1 - 0)).
-7
Evaluate -4 + -2 - (13 + -21 - (0 - 7)).
-5
Calculate 5 + -12 + (7 - 4) + -7.
-11
What is (-6 - -9) + -30 - (-8 - -1 - 5)?
-15
Calculate 7 - (1 + -2 + 8) - 4.
-4
Calculate -25 + (16 - -10 - 17).
-16
What is the value of -12 + 24 + (-23 - 4)?
-15
Calculate -13 - (-3 + -6) - (-3 + 1).
-2
What is the value of (-1 - 0) + 18 - (134 + -137)?
20
What is (8 - 16) + 39 + -36?
-5
5 + (-1 - 5 - 15)
-16
(7 - 3) + -7 - (8 - -3)
-14
Calculate -47 + 57 - 11 - -10.
9
What is -7 - ((-34 - (-4 - -6)) + -15 + 18)?
26
What is 7 - (-7 - -11) - (18 - 17)?
2
What is the value of -1 - (-23 - -7 - -9)?
6
What is 1 - -22 - (-15 + -44 + 73)?
9
Calculate 631 - 625 - ((-4 - -3) + 1 + 8).
-2
Calculate 3 + 7 + (-8 - -5).
7
Evaluate -92 + 81 + -2 + -2.
-15
What is the value of (-1 + -6 + 7 - (1 + -4)) + 3?
6
-8 - 0 - (199 - 211)
4
Evaluate (11 - 0) + -47 + 41.
5
1 + 1 - ((-10 - -1) + 6 + 1)
4
What is -37 + 21 + (30 - 28)?
-14
What is the value of -13 - ((0 - 47) + 18)?
16
-9 + 16 + 0 + -21
-14
Calculate -4 + (5 - -9) + -10 - 2.
-2
What is the value of -13 + -8 + 11 + 14?
4
-1 + (16 - (-7 + 55))
-33
Evaluate -48 + 39 + -8 + (1 - -5).
-11
Calculate (9 - (41 - -1 - 5)) + (5 - -3).
-20
What is the value of -4 + (1 - (-10 + (8 - -1) + -14))?
12
What is (-3 + -3 - -3) + 3 + 9?
9
What is -20 + 9 + 15 + -21?
-17
What is the value of (6 - (50 - (14 + -4))) + 4 + -3?
-33
Calculate 22 - (-9 + 8 - -16).
7
Calculate (5 - (-1 + 3)) + 6 + -7 + 8.
10
What is the value of -3 + 15 + 19 + -22 + -22?
-13
Evaluate (1 + (11 - 21) - 1 - -10) + 25.
25
Evaluate -1 + -1 - (-107 - -102).
3
Evaluate 0 - 4 - (16 + -23) - (-7 + 10).
0
7 + 1 + (-34 + 20 - (-25 - 0))
19
7 + 5 + -4 + -4 - (-6 + 0)
10
What is (-1043 - -1049) + (-2 + (0 - -1) - -8)?
13
(15 + -13 - -11 - 41) + -3
-31
Evaluate -514 + 530 + (2 - (0 - (1 - 5))).
14
Calculate 31 - 3 - 3 - 19.
6
Calculate -23 + (24 - 2) + (6 - 3).
2
What is (-12 + 3 - -4) + -8 + 10?
-3
What is 9 - -7 - ((17 - 3) + -13)?
15
Calculate -7 + (-23 + 9 - -10) - -35.
24
Evaluate (-1 - -1) + 25 + -39 + 16 + -23.
-21
What is the value of -37 + 23 + 53 + -39?
0
What is 18 + -14 + (11 - 21) + 26?
20
What is the value of 8 + (32 - 19 - -3) + 5?
29
Calculate 21 + -6 + 3 - (-18 - (-39 + 17)).
14
3 + (-2 - -1) - (16 - 0)
-14
What is the value of -13 + 4 - (14 + 10 + -21)?
-12
What is -5 - (-10 + (-5 - (6 - 2)))?
14
Calculate -79 - -79 - (-1 + 3 - (0 + 2)).
0
Calculate -4 + (0 - (14 + -8)) + 13 + 0.
3
What is (-4 - -7 - 26) + 10 + (-4 - -5)?
-12
Calculate -6 + (-2 - 10 - -8).
-10
Calculate -25 - (20 + -38) - (-28 + -1 + -1).
23
Calculate (11 + -8 + -10 - (-13 - 2)) + -7.
1
What is the value of 2 + -8 - (-6 - (3 + (2 - 13)))?
-8
Calculate -2 + 7 + 24 + (-28 - -5) - 10.
-4
What is the value of (33 - (12 + -6)) + -11?
16
Evaluate (20 - 4) + -10 - 5.
1
What is the value of 3 - (2 + -2) - (17 + (-9 - -1))?
-6
(6 + 4 - (2 + -1)) + -22
-13
What is the value of -46 + 61 + -8 + -2 - 4?
1
(-33 + 36 + 5 - (1 - -28)) + -1
-22
-6 - (3 + -1) - (304 - 299)
-13
42 + (103 - 107) + -5 + 0
33
What is the value of 427 - 424 - (0 + 10)?
-7
Calculate 3 - (-23 + (11 - (6 + 1))) - 0.
22
Calculate 1 - ((-20 - -2) + 14 - (1 + -11)).
-5
What is the value of -4 - (1 - (-13 + 2) - -2)?
-18
Evaluate -3 - (-47 - (-2 + -31)).
11
Calculate -2 + (-20 - -37 - 1).
14
-8 + 23 + 7 + (-23 - -14)
13
What is the value of 1 - 6 - (0 + 4 + -13)?
4
-1 + 18 - (67 - 37)
-13
Evaluate (17 - (34 + -3)) + (-3 - -45).
28
What is the value of 28 - (29 + 21 + 6)?
-28
(4 - 10) + 12 + 1 + -1 + -2
4
Evaluate -8 + (-6 - -3) + 19 + -11.
-3
Evaluate -34 - (15 + 1 - (4 - -12)).
-34
Calculate (0 - -2 - 0) + 30 + 13 + -45.
0
-21 + (19 - 9) + -10
-21
Calculate -3 - (-5 + 6) - (4 - 3).
-5
What is (105 - 14) + -25 - 36?
30
Evaluate -24 + 9 + 9 + -6 + 0 + 6.
-6
What is -17 + 2 + (8 - (4 + 9))?
-20
11 - (7 + -6) - (-11 - -13) - 16
-8
Calculate 12 - 0 - (3 - -3 - 1 - 2).
9
Evaluate 14 - (-2 + (1 - 10) + 210 + -201).
16
What is the value of 0 + 5 - (-11 + -3 - (7 - 14))?
12
What is the value of (-9 - (4 + -1)) + 8?
-4
(26 + -21 - 19) + -5
-19
What is the value of 4 + -6 + -6 + -4 + 16?
4
23 + 0 + (-34 - (-18 + -7))
14
What is the value of 0 + -2 - (-9 - -5)?
2
What is the value of 49 - 53 - (2 + -1)?
-5
What is the value of -1 + 26 - (1231 + -1226)?
20
What is (28 - 11 - 15) + 0 + (-5 - -1)?
-2
What is the value of -3 + 3 + -5 - (-33 + 21)?
7
-4 + -11 + (9 - 8) + 1 + -2
-15
What is 12 + (3 + -3 - 2) - (1 - 1)?
10
What is -5 - ((1 - (9 - 3)) + -3)?
3
Evaluate 10 - 2 - (-29 - (15 + -22) - -14).
16
-6 + (4 - -7) + (-5 - 2) + 2
0
What is 26 - (-26 + -19 - -33)?
38
Calculate 18 - 20 - 13 - 5 - -23.
3
Evaluate 21 + -43 + 10 + 0.
-12
What is -14 - -31 - (9 + -1)?
9
Calculate -5 + (-3 - -10) + (15 + -5 - 5).
7
(-2 - -8 - (30 + -23)) + -2
-3
Calculate -30 + 45 + (-2 - (10 - 2)).
5
What is the value of -52 - (-3 + -5 - (3 + (-3 - -4)))?
-40
-8 + -16 + 17 + -7
-14
What is 22 + (14 + -43 - 10)?
-17
Evaluate -4 + -7 - (-67 - -46).
10
-45 + 34 + -13 + 32
8
Calculate -11 + (142 + -135 - (-3 - -2 - 18)).
15
-7 + (3 - -1) + 8 - 3
2
Evaluate 34 - -1 - (-2 + (-2 - -18)).
21
18 - 18 - (9 - (-3 + 0))
-12
Calculate 93 + -110 - (0 + -6 - 2).
-9
Evaluate -9 - (89 + -101 - (7 - 3)).
7
Calculate 7 + -3 + (20 - (21 - 15 - 15)).
33
What is the value of 8 + -4 + 10 + -5?
9
What is the value of (-30 - -45) + (-1 + -8 - -1)?
7
Calculate (-11 - 20 - -76) + -55.
-10
Evaluate 2 + -17 - ((-36 - -15) + 8).
-2
Evaluate -3 - 1 - (6 + -26 + 20).
-4
Evaluate 10 - (-26 + 19 + 23).
-6
-35 + (12 - -24) + (5 - 2)
4
Evaluate 7 + (-6 - -6) + -12 + 1 - 10.
-14
Evaluate -3 - -8 - ((-11 + 5 - 0) + 22).
-11
Evaluate -1 + -21 + (-62 - -33) + 34.
-17
What is the value of 11 - ((-93 - -91) + -1 + 18)?
-4
What is the value of -15 + 12 + -44 + 68?
21
Evaluate 3 - (7 + 5 - (3 + -1)).
-7
Evaluate (2 - 7 - (-6 - 2)) + -9.
-6
What is 21 - (14 - (-16 + -4))?
-13
4 - 14 - ((6 - 16) + -15)
15
Evaluate -26 + (3 - (10 - 4)) + (10 - -2).
-17
Calculate (-12 - -11) + 10 + (6 - -1).
16
What is -4 + (3 + 8 - 10)?
-3
Calculate -12 + 3 + (7 + -7 - -1) + -5.
-13
What is the value of 5 + 18 - 2 - -14?
35
What is the value of 1105 + -1115 + 0 + -1?
-11
Evaluate (4 - (-27 + 15)) + -10.
6
Evaluate -1 + -11 - (-47 - (-32 + 8)).
11
What is the value of -29 - (-42 - (-33 + 4))?
-16
What is -2 - (-16 - (-9 + 21 + -10))?
16
What is 47 + -15 + (1 - 18)?
15
What is the value of -10 - ((-1 - -6) + 1 + (383 - 396))?
-3
What is -18 + (58 - 6) + -19?
15
What is 4 + -12 - (0 - 1) - -8?
1
What is 1 + 0 + 3 - (2 - (-3 + -22))?
-23
Calculate 12 - (-11 + -5 + 17).
11
-3 + -1 + -10 + -1 + 1 + 5
-9
Evaluate -7 - (6 + (-15 - 0) - -5).
-3
What is (14 - 12) + -4 + 11?
9
Evaluate -4 + 0 - ((14 - 16) + 6).
-8
What is the value of 101 + -125 + 0 + 10 + 6?
-8
Calculate 0 - (4 + 11 + -13).
-2
Calculate 1447 + -1475 - (-46 + 1).
17
What is 14 - (12 - (32 - (12 + -10)))?
32
2 + (2 - (4 + 1)) + (7 - 0)
6
57 + -53 + (-2 - (23 + 1))
-22
Evaluate -2 + -31 + (10 - -43).
20
-3 + -3 + (3 - 11) - 3
-17
Evaluate -5 + -4 + (21 - 9) + -12.
-9
-25 - (33 - 66) - (0 + -1 - 2)
11
What is 14 - (15 - 21) - 23?
-3
Evaluate 5 + (1 - (1 + 0)) - (7 + 2).
-4
What is the value of 4 + (-4 + 3 - 6 - 1)?
-4
What is the value of (-8 - 1) + 0 + -12 + -3 + 1?
-23
Evaluate (-19 - -33) + 12 + 0 + -6 - 0.
20
-1 + 13 - (-15 + (8 - 9))
28
What is -3 + 11 + -5 + 2 + -8?
-3
What is the value of 37 - 18 - (-2 + 37)?
-16
Evaluate -8 - -2 - (-45 + 1 + 2).
36
What is 12 + (1 - (-6 + 0 +